{"id":250,"date":"2012-09-06T16:50:33","date_gmt":"2012-09-06T13:50:33","guid":{"rendered":"https:\/\/antalyamezarbakim.com\/index\/?page_id=250"},"modified":"2014-01-15T13:40:31","modified_gmt":"2014-01-15T11:40:31","slug":"iletisim","status":"publish","type":"page","link":"https:\/\/antalyamezarbakim.com\/index\/iletisim\/","title":{"rendered":"\u0130leti\u015fim"},"content":{"rendered":"<h6><strong><span style=\"color: #672600;\">Adres Bilgilerimiz<\/span><\/strong><\/h6>\n<p style=\"text-align: justify;\">Tah\u0131l Pazar\u0131 Mahellesi Fahrettin Altay Caddesi 456. Sokak And\u0131zl\u0131 Mezarl\u0131\u011f\u0131 Giri\u015f Kap\u0131s\u0131 Kar\u015f\u0131s\u0131 07040 Antalya, T\u00fcrkiye<\/p>\n<h6><strong><span style=\"color: #672600;\">Haritada Neredeyiz ?<\/span><\/strong><\/h6>\n<p><iframe loading=\"lazy\" width=\"940\" height=\"280\" frameborder=\"0\" scrolling=\"no\" marginheight=\"0\" marginwidth=\"0\" src=\"https:\/\/maps.google.com\/maps?q=36.892904,30.706448&amp;num=1&amp;t=h&amp;ie=UTF8&amp;ll=36.892896,30.706691&amp;spn=0.002403,0.010074&amp;z=17&amp;output=embed\"><\/iframe><br \/><small><a href=\"https:\/\/maps.google.com\/maps?q=36.892904,30.706448&amp;num=1&amp;t=h&amp;ie=UTF8&amp;ll=36.892896,30.706691&amp;spn=0.002403,0.010074&amp;z=17&amp;source=embed\" style=\"color:#0000FF;text-align:left\">Daha B\u00fcy\u00fck G\u00f6r\u00fcnt\u00fcle<\/a><\/small><\/p>\n<div class=\"column-2-3\">\n<h6><strong><span style=\"color: #672600;\">Bize Mesaj G\u00f6nderin<\/span><\/strong><\/h6>\n<p>\n<\/p>\n<div id=\"form-response-false\" class=\"box-red\" style=\"display: none;\"><\/div>\n<div id=\"form-response-success\" class=\"box-green\" style=\"display: none;\"><\/div>\n<div id=\"contact-form-container\">\n<form id=\"contact-form\" method=\"post\" action=\"https:\/\/antalyamezarbakim.com\/index\/wp-admin\/admin-ajax.php\">\n<fieldset>\n\t<input type=\"hidden\" name=\"nonce\" id=\"contact-nonce\" value=\"28e644d14f\" \/><span class=\"contact-input-block\"><input type=\"text\" name=\"name\" id=\"name\" value=\"\u0130sim *\" class=\"text-input required\" \/><em class=\"err-name\" style=\"display:none\">This field is required.<\/em><\/span><span class=\"contact-input-block\"><input type=\"text\" name=\"email\" id=\"email\" value=\"E-mail *\" class=\"text-input required email\" \/><em class=\"err-mail\" style=\"display:none\">This field is required.<\/em><em class=\"err-mail\" style=\"display:none\">Enter correct e-mail.<\/em><\/span><textarea name=\"message\" id=\"message\" class=\"text-area required\" rows=\"12\" cols=\"10\">Mesaj *<\/textarea><em class=\"err-message\" style=\"display:none\">This field is required.<\/em><input type=\"submit\" name=\"submit\" id=\"submit-button\" value=\"G\u00f6nder\"\/><br \/>\n<\/fieldset>\n<\/form>\n<\/div>\n<p><\/p>\n<\/div>\n<div class=\"column-1-3 column-last\">\n<h6><strong><span style=\"color: #672600;\">\u0130leti\u015fim Bilgilerimiz<\/span><\/strong><\/h6>\n<p>&nbsp;<\/p>\n<ul class=\"contact-list\">\n<li><img src=\"https:\/\/antalyamezarbakim.com\/index\/wp-content\/themes\/antalyamezarbakim\/images\/icons\/14x14\/speech_grey_small.png\" class=\"icon icon-14x14\" alt=\"speech_grey_small\" \/> Tel: 0242 243 49 97<\/li>\n<li><img src=\"https:\/\/antalyamezarbakim.com\/index\/wp-content\/themes\/antalyamezarbakim\/images\/icons\/14x14\/speech_grey_small.png\" class=\"icon icon-14x14\" alt=\"speech_grey_small\" \/> Cep : 0555 279 19 91<\/li>\n<li><img src=\"https:\/\/antalyamezarbakim.com\/index\/wp-content\/themes\/antalyamezarbakim\/images\/icons\/14x14\/email_grey_small.png\" class=\"icon icon-14x14\" alt=\"email_grey_small\" \/> Mail: info@antalyamezarbakim.com<\/li>\n<\/ul>\n<\/div>\n<div class=\"clear\"><\/div>\n","protected":false},"excerpt":{"rendered":"<p>Adres Bilgilerimiz Tah\u0131l Pazar\u0131 Mahellesi Fahrettin Altay Caddesi 456. Sokak And\u0131zl\u0131 Mezarl\u0131\u011f\u0131 Giri\u015f Kap\u0131s\u0131 Kar\u015f\u0131s\u0131 07040 Antalya, T\u00fcrkiye Haritada Neredeyiz ? Daha B\u00fcy\u00fck G\u00f6r\u00fcnt\u00fcle<\/p>\n","protected":false},"author":1,"featured_media":0,"parent":0,"menu_order":0,"comment_status":"closed","ping_status":"open","template":"","meta":[],"_links":{"self":[{"href":"https:\/\/antalyamezarbakim.com\/index\/wp-json\/wp\/v2\/pages\/250"}],"collection":[{"href":"https:\/\/antalyamezarbakim.com\/index\/wp-json\/wp\/v2\/pages"}],"about":[{"href":"https:\/\/antalyamezarbakim.com\/index\/wp-json\/wp\/v2\/types\/page"}],"author":[{"embeddable":true,"href":"https:\/\/antalyamezarbakim.com\/index\/wp-json\/wp\/v2\/users\/1"}],"replies":[{"embeddable":true,"href":"https:\/\/antalyamezarbakim.com\/index\/wp-json\/wp\/v2\/comments?post=250"}],"version-history":[{"count":0,"href":"https:\/\/antalyamezarbakim.com\/index\/wp-json\/wp\/v2\/pages\/250\/revisions"}],"wp:attachment":[{"href":"https:\/\/antalyamezarbakim.com\/index\/wp-json\/wp\/v2\/media?parent=250"}],"curies":[{"name":"wp","href":"https:\/\/api.w.org\/{rel}","templated":true}]}}